mmon divisor of 940 and 627028?
4
What is the highest common factor of 852150 and 8398?
494
What is the greatest common factor of 10720 and 4846780?
1340
Calculate the highest common factor of 717922 and 101430.
46
What is the highest common divisor of 68 and 108922689?
17
What is the highest common divisor of 11264 and 9936128?
256
What is the highest common factor of 186 and 6867058?
62
Calculate the highest common factor of 4974270 and 105.
105
Calculate the highest common factor of 46770489 and 134.
67
Calculate the greatest common divisor of 155 and 15676421.
31
Calculate the greatest common divisor of 8 and 197121676.
4
Calculate the greatest common factor of 3764047 and 4144.
259
What is the greatest common factor of 18602696 and 308?
28
What is the greatest common factor of 12200648 and 3944?
232
Calculate the greatest common factor of 490898473 and 48209.
6887
Calculate the greatest common divisor of 2091811 and 2502.
139
Calculate the greatest common divisor of 40938430 and 78.
26
Calculate the highest common factor of 2006485 and 12662.
13
Calculate the highest common divisor of 60522 and 10873.
131
Calculate the greatest common divisor of 2688 and 26361384.
168
What is the highest common divisor of 12435262 and 21896?
238
What is the highest common factor of 36 and 3518496666?
18
Calculate the highest common factor of 4400 and 4479090.
110
Calculate the greatest common factor of 8390362 and 152.
38
What is the highest common factor of 44 and 2639989?
11
What is the greatest common divisor of 271512523 and 489?
163
What is the highest common divisor of 58868437 and 254?
127
What is the highest common divisor of 8898 and 253063569?
4449
Calculate the greatest common divisor of 9139136 and 11072.
64
What is the greatest common factor of 4828869 and 6156?
513
What is the highest common divisor of 5668 and 1142198356?
5668
What is the highest common divisor of 168221110 and 4580?
2290
Calculate the greatest common divisor of 22 and 89248.
2
What is the highest common divisor of 2640 and 3387178080?
2640
What is the greatest common divisor of 12 and 1847252?
4
What is the greatest common factor of 597 and 2211487?
199
Calculate the greatest common divisor of 22752 and 22136.
8
Calculate the highest common factor of 41750 and 3024370.
1670
Calculate the highest common factor of 1810137 and 147.
21
What is the highest common factor of 7552636 and 1092?
364
What is the greatest common factor of 18774 and 795351123?
9387
What is the greatest common divisor of 4335389 and 2752?
43
What is the greatest common factor of 47076835 and 715?
65
Calculate the highest common factor of 65025 and 2515167.
2601
What is the greatest common divisor of 117 and 7211277?
9
What is the greatest common divisor of 881803 and 27521?
377
What is the highest common factor of 4092 and 2032887?
93
Calculate the greatest common factor of 2770962 and 5343.
411
Calculate the highest common factor of 517120 and 100.
20
Calculate the highest common factor of 26644 and 1138.
2
Calculate the greatest common divisor of 106434 and 39096.
54
What is the greatest common divisor of 297662742 and 4394?
4394
Calculate the greatest common divisor of 31725148 and 70.
14
What is the greatest common divisor of 585608 and 15336?
568
Calculate the highest common factor of 88 and 316385586.
22
Calculate the highest common factor of 3024 and 740808.
72
Calculate the greatest common factor of 4590 and 19812210.
30
Calculate the highest common divisor of 20632477 and 1192.
149
What is the greatest common divisor of 124 and 86524038?
62
What is the greatest common divisor of 1352537 and 833?
17
Calculate the greatest common divisor of 1589315 and 7007.
637
What is the greatest common factor of 36148340 and 5560?
2780
What is the greatest common divisor of 1743019 and 3161?
109
Calculate the highest common divisor of 86 and 249614527.
43
What is the greatest common divisor of 22714 and 1139554?
82
What is the highest common divisor of 50250 and 3920170?
670
What is the greatest common factor of 15656 and 5029696?
824
Calculate the greatest common factor of 733770 and 32457.
93
Calculate the greatest common divisor of 65385572 and 11284.
868
Calculate the highest common divisor of 2438 and 131918961.
1219
What is the highest common divisor of 1878153043 and 13?
13
What is the greatest common divisor of 35874988 and 273140?
7804
What is the highest common factor of 2128 and 102006288?
304
Calculate the greatest common divisor of 23073599 and 859.
859
What is the greatest common factor of 45211990 and 1810?
1810
Calculate the greatest common factor of 1134 and 16378222.
14
What is the highest common factor of 3300517 and 3872?
121
Calculate the highest common divisor of 265 and 907295.
5
Calculate the greatest common divisor of 133584 and 55407.
759
What is the highest common divisor of 2479 and 819883?
37
What is the greatest common divisor of 110 and 62955728?
22
What is the highest common divisor of 1262488 and 248?
8
Calculate the highest common factor of 145182577 and 16168.
2021
What is the highest common divisor of 12006 and 11233440?
522
What is the greatest common divisor of 12 and 61152492?
12
Calculate the greatest common factor of 59 and 39331406.
59
Calculate the greatest common factor of 1732684 and 3124.
284
What is the greatest common factor of 513447 and 4026?
33
What is the greatest common divisor of 7580 and 830380?
20
Calculate the greatest common factor of 782769 and 1482.
39
Calculate the greatest common factor of 268442496 and 2016.
2016
Calculate the greatest common divisor of 3625 and 14311625.
125
What is the highest common factor of 65 and 28046655?
65
Calculate the highest common factor of 708016 and 1870816.
5168
Calculate the greatest common divisor of 7874160 and 635688.
2616
Calculate the highest common divisor of 27196 and 50.
2
Calculate the highest common factor of 17437 and 1722973.
329
What is the highest common divisor of 1063428 and 1518?
138
Calculate the highest common factor of 1200 and 157580.
20
Calculate the highest common factor of 1453483 and 136.
17
Calculate the highest common divisor of 274178642 and 5269.
479
Calculate the greatest common factor of 58752733 and 247.
13
Calculate the highest common divisor of 28705394 and 10.
2
What is the highest common divisor of 63 and 22304989?
7
What is the greatest common factor of 77 and 128089511?
11
Calculate the highest common divisor of 18643 and 1084009.
181
What is the highest common factor of 1521 and 281723?
169
What is the greatest common factor of 1383504 and 405039?
4551
What is the highest common divisor of 614 and 2763307?
307
Calculate the greatest common divisor of 2076166 and 4768.
298
What is the highest common divisor of 195040991 and 18404?
4601
Calculate the highest common factor of 514269 and 2187.
81
Calculate the highest common factor of 342495 and 871020.
135
Calculate the highest common factor of 1596708 and 5202.
306
Calculate the greatest common factor of 181335372 and 2516.
148
What is the highest common factor of 2926 and 3169694?
418
What is the highest common factor of 9592 and 203027?
11
What is the greatest common divisor of 7546 and 16006144?
1078
Calculate the greatest common divisor of 6846100 and 3200.
100
Calculate the greatest common divisor of 15229 and 9574645.
157
What is the highest common factor of 55199 and 1185919?
191
What is the highest common divisor of 1302463458 and 207?
207
Calculate the highest common divisor of 443140485 and 503.
503
What is the greatest common divisor of 65265701 and 43?
43
What is the highest common divisor of 384 and 514471872?
192
What is the highest common divisor of 3057747 and 65131?
341
Calculate the greatest common factor of 36 and 4280316.
12
Calculate the highest common factor of 16 and 125052904.
8
What is the highest common factor of 258080710 and 1347?
449
What is the highest common divisor of 4240446 and 138516?
714
What is the greatest common factor of 84769296 and 10680?
2136
Calculate the highest common divisor of 952287 and 3.
3
What is the greatest common factor of 27 and 188464671?
27
Calculate the highest common divisor of 3185 and 63072555.
3185
What is the greatest common factor of 147 and 30799489?
49
Calc